{"id":16,"date":"2019-10-29T13:44:19","date_gmt":"2019-10-29T13:44:19","guid":{"rendered":"http:\/\/funktionales-kostensplitting.de\/?page_id=16"},"modified":"2020-06-26T08:21:13","modified_gmt":"2020-06-26T08:21:13","slug":"ueber","status":"publish","type":"page","link":"https:\/\/funktionales-kostensplitting.de\/?page_id=16","title":{"rendered":"Wof\u00fcr"},"content":{"rendered":"\n<p><strong>Mieterh\u00f6hungen nach energetischen Modernisierungen <\/strong>gem. <strong>\u00a7 559 BGB <\/strong>sind nicht nur ein sehr emotionales und entsprechend streitbehaftetes Thema, sondern auch ein Thema, von gro\u00dfer Bedeutung f\u00fcr das Erreichen der klimapolitischen Ziele.<\/p>\n\n\n\n<p>Denn die Mieterh\u00f6hungen sollen die f\u00fcr die Steigerung der Energieeffizienz unseres Mietwohnbestandes erforderlichen <strong>Investitionen anreizen<\/strong>: H\u00f6here Mieteinnahmen sollen die Refinanzierung bzw. die Rentabilit\u00e4t der Investitionen sicherstellen und bedeuten eine Steigerung des Marktwertes der modernisierten Objekte.  <\/p>\n\n\n\n<p>Demgegen\u00fcber stehen jedoch &#8211; vor allem in den Ballungsgebieten &#8211; <strong>sprunghaft gestiegene Mietpreise<\/strong>. Entsprechend erwarten die MieterInnen, dass eine Mieterh\u00f6hung aufgrund energetischer Ma\u00dfnahmen nur so hoch ausf\u00e4llt, dass sie durch die reduzierten Energiekosten <strong>kompensiert<\/strong> wird. <\/p>\n\n\n\n<p>Diese sogenannte Warmmietenneutralit\u00e4t wird auch seitens der GesetzgeberInnen erwartet und kommuniziert. Sie gehen davon aus, dass immer dann energetisch modernisiert werde, <strong>wenn ohnehin umfangreiche Sanierungsma\u00dfnahmen anst\u00fcnden<\/strong>, die dann im Zuge der Modernisierung gleich mit erledigt werden. Die Kosten dieser Ma\u00dfnahmen berechtigen aber nicht zu einer Mieterh\u00f6hung, sondern nur die Kosten, die tats\u00e4chlich rein energetisch bedingt entstanden sind. Ber\u00fccksichtige man dieses sog. <em><strong>Kopplungsprinzip<\/strong><\/em>, entst\u00fcnden warmmietenneutrale Mieterh\u00f6hungen (siehe <a href=\"http:\/\/funktionales-kostensplitting.de\/?page_id=151\">Hintergrund<\/a>). <\/p>\n\n\n\n<p>In der Praxis aber \u00fcbertreffen die Mieterh\u00f6hungsbetr\u00e4ge die eingesparten Energiekosten nicht selten soweit, dass die energetische Modernisierung inzwischen den Ruf eines <strong>Gentrifizierungstools<\/strong> genie\u00dft, einer M\u00f6glichkeit wirtschaftlich schwache Mietvertragsparteien mit der Mieterh\u00f6hung  zum Auszug zu dr\u00e4ngen. <\/p>\n\n\n\n<p style=\"background-color:#ef7f00\" class=\"has-background\">Das eigentliche Ziel des Rechts auf Mieterh\u00f6hung nach energetischer Modernisierung ist der <strong>Klimaschutz<\/strong>. Im Anbetracht dieses nicht nur \u00fcbergeordneten, sondern zunehmend dringlichen Ziels, f\u00fchrt das <strong>funktionale Kostensplitting<\/strong> die Positionen der VermieterInnen, der MieterInnen sowie der GesetzgeberInnen zusammen und bietet eine <strong>L\u00f6sung<\/strong>.<\/p>\n\n\n\n<p>Das funktionale Kostensplitting <strong>\u00fcbersetzt<\/strong> die Standpunkte der VermieterInnen, der MieterInnen sowie der GesetzgeberInnen in drei Arbeitsschritte hin zu einer <strong>transparenten und sachgerechten<\/strong> Ermittlung und Darstellung von Mieterh\u00f6hungen nach energetischen Modernisierungen (siehe <a href=\"http:\/\/funktionales-kostensplitting.de\/?page_id=108\">Wie<\/a>). <\/p>\n\n\n\n<p style=\"color:#4c2b00\" class=\"has-text-color has-medium-font-size\"><strong>Ziele<\/strong> der Anwendung des <strong><em>funktionalen Kostensplittings<\/em><\/strong> zur Ermittlung einer <strong>Mieterh\u00f6hung nach energetischer Modernisierung<\/strong> gem. \u00a7 559 BGB sind es:<\/p>\n\n\n\n<ol><li>den<strong> Mieterh\u00f6hungsbetrag<\/strong> infolge energetischer Ma\u00dfnahmen<strong> sachgerecht herleiten, nachvollziehbar darstellen<\/strong> und zugleich<\/li><li><strong>reelle Mieterh\u00f6hungen <\/strong>nach energetischen Modernisierungen an die seitens der Gesetzgeber erwartete<strong> Warmmietenneutralit\u00e4t  <\/strong>angleichen und damit<\/li><li>die bis dato <strong>kontroversen Darstellungen <\/strong>der Wirtschaftlichkeit energetischer Ma\u00dfnahmen f\u00fcr die beiden Mietvertragsparteien <strong>angleichen <\/strong>und damit<\/li><li><strong>das Konfliktpotential, <\/strong>welches infolge der Abgrenzungsschwierigkeiten der Sowieso-Kosten von den Modernisierungskosten jeder Mieterh\u00f6hung nach energetischer Modernisierung innewohnt (siehe <a href=\"http:\/\/funktionales-kostensplitting.de\/?page_id=151\">Hintergrund<\/a>),<strong> stark begrenzen <\/strong>und damit <\/li><li><strong>Planungssicherheit <\/strong>f\u00fcr beide Mietvertragsparteien schaffen<strong> <\/strong>sowie<strong> &nbsp;&nbsp;<\/strong><\/li><li><strong>Investitionshemmnisse <\/strong>in energetischen Ma\u00dfnahmen<strong> senken<\/strong> und <\/li><li><strong>die gesellschaftliche Akzeptanz <\/strong>der f\u00fcr die politischen Klimaziele so bedeutenden energetischen Ma\u00dfnahmen am Mietwohnungsbaubestand<strong> steigern.&nbsp; <\/strong><\/li><\/ol>\n\n\n\n<hr class=\"wp-block-separator\"\/>\n\n\n<div id=\"pl-gb16-69f272c43c09a\"  class=\"panel-layout\" ><div id=\"pg-gb16-69f272c43c09a-0\"  class=\"panel-grid panel-has-style\" ><div style=\"padding: 75px 0; \" data-overlay=\"true\" data-overlay-color=\"#000000\" class=\"panel-row-style panel-row-style-for-gb16-69f272c43c09a-0\" ><div id=\"pgc-gb16-69f272c43c09a-0-0\"  class=\"panel-grid-cell\" ><div id=\"panel-gb16-69f272c43c09a-0-0-0\" class=\"so-panel widget widget_sow-button panel-first-child panel-last-child\" data-index=\"0\" ><div style=\"text-align: left;\" data-title-color=\"#443f3f\" data-headings-color=\"#443f3f\" class=\"panel-widget-style panel-widget-style-for-gb16-69f272c43c09a-0-0-0\" ><div class=\"so-widget-sow-button so-widget-sow-button-wire-7f814b408441-16\"><div class=\"ow-button-base ow-button-align-center\">\n\t<a href=\"https:\/\/funktionales-kostensplitting.de\/\" class=\"ow-icon-placement-left ow-button-hover\" \t\t>\n\t\t<span>\n\t\t\t\n\t\t\tStart\t\t<\/span>\n\t<\/a>\n<\/div>\n<\/div><\/div><\/div><\/div><div id=\"pgc-gb16-69f272c43c09a-0-1\"  class=\"panel-grid-cell\" ><div id=\"panel-gb16-69f272c43c09a-0-1-0\" class=\"so-panel widget widget_sow-button panel-first-child panel-last-child\" data-index=\"1\" ><div style=\"text-align: left;\" data-title-color=\"#443f3f\" data-headings-color=\"#443f3f\" class=\"panel-widget-style panel-widget-style-for-gb16-69f272c43c09a-0-1-0\" ><div class=\"so-widget-sow-button so-widget-sow-button-wire-7f814b408441-16\"><div class=\"ow-button-base ow-button-align-center\">\n\t<a href=\"https:\/\/funktionales-kostensplitting.de\/?page_id=151\" class=\"ow-icon-placement-left ow-button-hover\" \t\t>\n\t\t<span>\n\t\t\t\n\t\t\tHintergrund\t\t<\/span>\n\t<\/a>\n<\/div>\n<\/div><\/div><\/div><\/div><div id=\"pgc-gb16-69f272c43c09a-0-2\"  class=\"panel-grid-cell\" ><div id=\"panel-gb16-69f272c43c09a-0-2-0\" class=\"so-panel widget widget_sow-button panel-first-child panel-last-child\" data-index=\"2\" ><div style=\"text-align: left;\" data-title-color=\"#443f3f\" data-headings-color=\"#443f3f\" class=\"panel-widget-style panel-widget-style-for-gb16-69f272c43c09a-0-2-0\" ><div class=\"so-widget-sow-button so-widget-sow-button-wire-7f814b408441-16\"><div class=\"ow-button-base ow-button-align-center\">\n\t<a href=\"https:\/\/funktionales-kostensplitting.de\/?page_id=108\" class=\"ow-icon-placement-left ow-button-hover\" \t\t>\n\t\t<span>\n\t\t\t\n\t\t\tWie\t\t<\/span>\n\t<\/a>\n<\/div>\n<\/div><\/div><\/div><\/div><div id=\"pgc-gb16-69f272c43c09a-0-3\"  class=\"panel-grid-cell\" ><div id=\"panel-gb16-69f272c43c09a-0-3-0\" class=\"so-panel widget widget_sow-button panel-first-child panel-last-child\" data-index=\"3\" ><div style=\"text-align: left;\" data-title-color=\"#443f3f\" data-headings-color=\"#443f3f\" class=\"panel-widget-style panel-widget-style-for-gb16-69f272c43c09a-0-3-0\" ><div class=\"so-widget-sow-button so-widget-sow-button-wire-7f814b408441-16\"><div class=\"ow-button-base ow-button-align-center\">\n\t<a href=\"https:\/\/funktionales-kostensplitting.de\/?page_id=103\" class=\"ow-icon-placement-left ow-button-hover\" \t\t>\n\t\t<span>\n\t\t\t\n\t\t\tWoher\t\t<\/span>\n\t<\/a>\n<\/div>\n<\/div><\/div><\/div><\/div><\/div><\/div><\/div>\n\n\n<p><\/p>\n","protected":false},"excerpt":{"rendered":"<p>Mieterh\u00f6hungen nach energetischen Modernisierungen gem. \u00a7 559 BGB sind nicht nur ein [&hellip;]<\/p>\n","protected":false},"author":1,"featured_media":0,"parent":0,"menu_order":0,"comment_status":"closed","ping_status":"closed","template":"","meta":[],"_links":{"self":[{"href":"https:\/\/funktionales-kostensplitting.de\/index.php?rest_route=\/wp\/v2\/pages\/16"}],"collection":[{"href":"https:\/\/funktionales-kostensplitting.de\/index.php?rest_route=\/wp\/v2\/pages"}],"about":[{"href":"https:\/\/funktionales-kostensplitting.de\/index.php?rest_route=\/wp\/v2\/types\/page"}],"author":[{"embeddable":true,"href":"https:\/\/funktionales-kostensplitting.de\/index.php?rest_route=\/wp\/v2\/users\/1"}],"replies":[{"embeddable":true,"href":"https:\/\/funktionales-kostensplitting.de\/index.php?rest_route=%2Fwp%2Fv2%2Fcomments&post=16"}],"version-history":[{"count":57,"href":"https:\/\/funktionales-kostensplitting.de\/index.php?rest_route=\/wp\/v2\/pages\/16\/revisions"}],"predecessor-version":[{"id":302,"href":"https:\/\/funktionales-kostensplitting.de\/index.php?rest_route=\/wp\/v2\/pages\/16\/revisions\/302"}],"wp:attachment":[{"href":"https:\/\/funktionales-kostensplitting.de\/index.php?rest_route=%2Fwp%2Fv2%2Fmedia&parent=16"}],"curies":[{"name":"wp","href":"https:\/\/api.w.org\/{rel}","templated":true}]}}